
False
Is 49719163 a composite number?
True
Is 6071539 prime?
False
Is 45387607 prime?
False
Is 12722549 a composite number?
True
Is 6488371 composite?
False
Is 3502013 composite?
True
Is 51388957 a composite number?
True
Is 10073995 a prime number?
False
Is 17175631 prime?
False
Is 8682659 a composite number?
False
Is 40620511 composite?
False
Is 30334483 composite?
False
Is 13615765 a composite number?
True
Is 16564166 composite?
True
Is 182857 a composite number?
False
Is 265571081 composite?
False
Is 48156253 a composite number?
False
Is 93186029 composite?
False
Is 2275133 a composite number?
True
Is 272813707 composite?
True
Is 15502829 a composite number?
False
Is 3371523 prime?
False
Is 658280177 a prime number?
True
Is 91309373 a prime number?
True
Is 26364293 prime?
True
Is 11075882 a composite number?
True
Is 4579819 prime?
False
Is 6808831 a composite number?
True
Is 1253071 a prime number?
True
Is 166383637 composite?
True
Is 4216999 a prime number?
True
Is 276813991 composite?
False
Is 8097861 prime?
False
Is 9809123 composite?
False
Is 213861899 a prime number?
False
Is 2304457 composite?
True
Is 9403649 composite?
False
Is 4164709 a composite number?
False
Is 8529413 composite?
False
Is 8151701 prime?
True
Is 200437 a prime number?
True
Is 158569 a composite number?
True
Is 2633581 a prime number?
True
Is 2058949 a prime number?
True
Is 1327531 composite?
True
Is 4418303 a prime number?
True
Is 7484066 prime?
False
Is 11452273 prime?
False
Is 263563 a prime number?
False
Is 96676919 a composite number?
False
Is 1172657 composite?
False
Is 35300953 a composite number?
False
Is 9989671 prime?
True
Is 8757409 prime?
True
Is 18719391 prime?
False
Is 24339277 a composite number?
False
Is 9752971 a composite number?
True
Is 64515763 prime?
False
Is 273454717 a composite number?
True
Is 31766437 prime?
True
Is 5656093 a composite number?
False
Is 138904589 composite?
False
Is 1301821 prime?
True
Is 146857807 a prime number?
True
Is 5547089 a prime number?
True
Is 899789 a prime number?
False
Is 1619654 a prime number?
False
Is 30750437 prime?
True
Is 80039437 composite?
True
Is 100921019 composite?
False
Is 4267169 composite?
False
Is 13423827 a composite number?
True
Is 516331223 prime?
True
Is 221983 a prime number?
False
Is 4222461 a prime number?
False
Is 215893 prime?
True
Is 33957571 composite?
True
Is 5903431 composite?
False
Is 9418667 prime?
True
Is 92831269 a prime number?
False
Is 44948077 prime?
False
Is 539867 prime?
False
Is 40076441 prime?
True
Is 11362333 a prime number?
False
Is 2613653 composite?
True
Is 120668095 composite?
True
Is 996199 a prime number?
False
Is 7720595 a prime number?
False
Is 56260717 a composite number?
False
Is 1496983 prime?
False
Is 11129449 a composite number?
False
Is 99939473 composite?
False
Is 31486079 a composite number?
True
Is 2634161 prime?
True
Is 70569179 a prime number?
True
Is 326893913 a prime number?
True
Is 6467453 prime?
True
Is 140767909 a prime number?
True
Is 63844405 a prime number?
False
Is 15912653 composite?
False
Is 2810957 a composite number?
False
Is 753358 a composite number?
True
Is 19930403 a composite number?
True
Is 434436169 a prime number?
True
Is 2310898 a composite number?
True
Is 25739573 composite?
True
Is 53986874 composite?
True
Is 12570865 a composite number?
True
Is 56122237 a prime number?
True
Is 74721 composite?
True
Is 1562629 prime?
False
Is 6466039 prime?
False
Is 53483501 prime?
False
Is 29159215 composite?
True
Is 10290439 composite?
True
Is 415907 a prime number?
False
Is 425189 a composite number?
False
Is 544171 a composite number?
False
Is 1547999 a prime number?
False
Is 258828709 a prime number?
True
Is 9518961 composite?
True
Is 45091 a prime number?
False
Is 1815953 a prime number?
False
Is 74775079 a composite number?
True
Is 1956583 composite?
False
Is 10153817 prime?
False
Is 3840253 a composite number?
False
Is 21286087 prime?
False
Is 442891723 composite?
False
Is 10790293 a prime number?
False
Is 665257459 a prime number?
True
Is 566299 a prime number?
False
Is 822092321 prime?
False
Is 508584449 a prime number?
False
Is 5157319 a composite number?
True
Is 119321 a composite number?
False
Is 10494101 prime?
True
Is 26573707 a prime number?
True
Is 15795541 a prime number?
True
Is 316319719 prime?
True
Is 695892443 prime?
False
Is 738707 prime?
True
Is 11428259 a prime number?
True
Is 6098039 a composite number?
False
Is 15121553 composite?
False
Is 26725201 a prime number?
True
Is 4275233 a composite number?
False
Is 238365001 a prime number?
False
Is 25523 a composite number?
False
Is 48844009 prime?
False
Is 5606801 a prime number?
True
Is 7568033 a prime number?
False
Is 76696131 a composite number?
True
Is 321583387 composite?
False
Is 28917029 prime?
True
Is 95063 a composite number?
False
Is 701297 a prime number?
False
Is 16721443 a composite number?
False
Is 1349981 a prime number?
False
Is 4412659 prime?
True
Is 2176141 a prime number?
False
Is 6523291 prime?
False
Is 13312339 a prime number?
False
Is 1159127 composite?
False
Is 658751 composite?
False
Is 3934339 prime?
True
Is 18619919 a prime number?
False
Is 837409 prime?
True
Is 18546701 prime?
True
Is 13554473 a prime number?
False
Is 58201831 a prime number?
True
Is 261863 prime?
False
Is 256177771 a composite number?
False
Is 131465681 a prime number?
True
Is 68150911 a prime number?
True
Is 110511127 composite?
False
Is 4066189 composite?
True
Is 575837 prime?
True
Is 402816851 a composite number?
False
Is 2210359 prime?
False
Is 7998337 composite?
False
Is 9161051 a composite number?
False
Is 43872467 a composite number?
False
Is 23352649 a composite number?
True
Is 52793053 composite?
False
Is 31803911 composite?
True
Is 171018871 a prime number?
True
Is 229897 prime?
True
Is 64427849 prime?
True
Is 33990193 a prime number?
True
Is 62263651 a prime number?
True
Is 715397 prime?
True
Is 71401597 a prime number?
True
Is 3729697 a composite number?
False
Is 381407 a prime number?
False
Is 254255951 prime?
False
Is 45835441 prime?
True
Is 574543297 prime?
True
Is 139650169 composite?
False
Is 5330579 composite?
False
Is 21381445 a composite number?
True
Is 84115 composite?
True
Is 1037929703 composite?
False
Is 32214554 composite?
True
Is 4017331 prime?
False
Is 133919 a composite number?
False
Is 317058919 a composite number?
True
Is 646689 a composite number?
True
Is 4567309 composite?
True
Is 8572681 a composite number?
True
Is 95310097 composite?
False
Is 3538501 composite?
True
Is 1061891 a composite number?
True
Is 16167421 prime?
True
Is 54380323 prime?
False
Is 13801579 a composite number?
True
Is 32956501 prime?
False
Is 808948691 composite?
False
Is 270038107 a prime number?
True
Is 359930833 a composite number?
False
Is 3917923 composite?
False
Is 9556489 a prime number?
True
Is 12841589 a prime number?
True
Is 247278643 composite?
True
Is 40025009 composite?
True
Is 727600598 a prime number?
False
Is 160048601 prime?
True
Is 10354483 composite?
False
Is 39223423 prime?
False
Is 46917839 a composite number?
True
Is 807022 a prime number?
False
Is 7373693 composite?
True
Is 312923 a composite number?
True
Is 96937471 a composite number?
False
Is 1652237 a composite number?
False
Is 36349265 a prime number?
False
Is 630969973 a prime number?
False
Is 56881831 composite?
False
Is 342757 a composite number?
False
Is 289937 a prime number?
True
Is 12790402 a prime number?
False
Is 118196059 prime?
False
Is 14186407 a composite number?
True
Is 205519969 composite?
False
Is 464919019 prime?
False
Is 234318859 a composite number?
True
Is 63531887 a composite number?
False
Is 31485721 a composite number?
False
Is 13327 a composite number?
False
Is 4111547 composite?
True
Is 369191917 prime?
True
Is 2691397 composite?
True
Is 1511761 composite?
True
Is 29978101 a composite number?
False
Is 15178243 a composite number?
False
Is 18630593 a composite number?
False
Is 37170101 prime?
True
Is 1600783 a composite number?
True
Is 45733661 a prime number?
False
Is 449453 composite?
True
Is 226863641 composite?
False
Is 3093803 a prime number?
True
Is 2166433 a prime number?
False
Is 16087759 a composite number?
False
Is 4337231 prime?
True
Is 1521745 prime?
False
Is 